 + q + 7. Suppose -5*p + 26 = 2*r, -2*p + 2 = -r - r. What is the greatest common factor of r and m?
1
Suppose 0 = m + 2*s - 24, -3*m + 2*s + 48 = -m. Suppose m = 3*z - 9. Let l = 206 + -85. What is the highest common divisor of z and l?
11
Let n be 8*1 + 2 + 0. Suppose 591 + 419 = 101*t. What is the greatest common factor of n and t?
10
Suppose -l - 6 = -9. Let c = 7 + -13. Let j be -15*(20/c + l). What is the highest common divisor of j and 55?
5
Let c(x) = -22*x - 379. Let m be c(-22). What is the highest common factor of 345 and m?
15
Let t = -89 - -139. Calculate the greatest common factor of 400 and t.
50
Let u(t) = -t**3 + 5*t**2 + 11*t - 6. Let k be u(4). Let l be (40/6)/(k/81). Calculate the greatest common factor of 8 and l.
2
Let m be (10/(-5))/(10/(-15)). Suppose 0 = m*j + 2*t + 50, j - 5*t = 2 + 4. Let u = 0 - j. What is the highest common factor of 35 and u?
7
Let l = 175 + -99. Suppose 7*v = l + 120. Let b be -2 - -4 - (0 + -194). What is the greatest common divisor of v and b?
28
Let x(k) = -k**2 + 2*k + 346. Let a be x(-16). Calculate the greatest common factor of a and 1073.
29
Let q be ((-15)/6)/((-3)/282). Suppose 0*d = -5*d + q. Suppose 5*l - 268 = d. What is the highest common divisor of l and 7?
7
Suppose -x + 3 = -4*x. Let a be 21 - (-1 + -3)/x. What is the greatest common divisor of a and 17?
17
Suppose -66 - 14 = -2*h. What is the highest common factor of 350 and h?
10
Let j(n) = -n**3 + 24*n**2 - 20*n + 8. Let p be j(23). Let c = -69 + p. Calculate the greatest common divisor of 32 and c.
8
Let j(u) be the first derivative of 2*u**3/3 - u**2/2 - 10*u - 14. Let k be j(5). What is the greatest common divisor of 35 and k?
35
Let b be 1 + -2 + 5 + -1. Suppose -3*s = -2*a - 67, b*a = s + 2*s - 69. Calculate the greatest common divisor of s and 231.
21
Suppose 3*b = 2*h + 54, 0 = 9*b - 14*b - 2*h + 106. What is the highest common divisor of b and 30?
10
Let s = -146 + 240. Suppose -2*b + 4*z + 88 = 0, 6*z - 5*z + s = 2*b. What is the highest common factor of b and 6?
6
Let c = 89 + 15. Let b = -96 + c. What is the highest common factor of b and 36?
4
Suppose 4*l = 15 + 1. Let f = -2 + l. Suppose -60 = -5*k - 4*n, 0 = -4*k - 3*n - 2*n + 39. Calculate the greatest common factor of k and f.
2
Suppose 2*m - 7 = -3. Suppose -13 = -f + 2*d, 2*f - 4*d - 36 = -m*f. What is the highest common divisor of 45 and f?
5
Let z(i) = -i**2 - 4. Let g be z(0). Let k be (-90)/(-4) - 0 - 6/g. Calculate the highest common factor of k and 32.
8
Let n be (-1)/3*(-28)/(-7)*-36. Calculate the greatest common factor of n and 112.
16
Let z = 103 + -105. Let t(c) = -16*c - 2. Let s be t(z). Calculate the greatest common factor of s and 75.
15
Let q = -45 - -33. Let u be (-483)/q - (-3 + 2)/(-4). Suppose -5*f = n - 25, -5*n = -5*f - 0*n + 25. What is the greatest common divisor of u and f?
5
Suppose -5 = -a - c, 0 = 5*a - 5*c - 15. Suppose 5*k = a*v + 95, 2*k - 64 + 23 = v. What is the greatest common factor of k and 184?
23
Suppose -g = -6*g + 70. Let l = 9427 + -9425. What is the greatest common factor of l and g?
2
Suppose 19*m = -75*m + 41454. What is the highest common divisor of 196 and m?
49
Let o(q) = -q**2 + 5*q + 1. Let f be o(7). Let v = f + 12. Let r(x) = 45*x**2 + x + 1. Let i be r(v). Calculate the highest common divisor of i and 18.
9
Suppose 5*o = -5*c + 80, 5*c + o - 147 = -47. What is the greatest common divisor of c and 57?
3
Let v(p) = 6*p**2 - 15*p - 29. Let b be v(-2). What is the greatest common divisor of 3 and b?
1
Suppose 36*g - 33*g - 1752 = 0. What is the highest common factor of 73 and g?
73
Let h(v) = 40*v**2 + 10*v + 10. Let d be h(-1). Let o be (-10)/(-3)*(-12)/(-10). What is the greatest common factor of d and o?
4
Let k(y) = -31*y - 60. Let m be k(-3). What is the greatest common divisor of 363 and m?
33
Let k(f) = -13*f**2 - f. Let w be k(1). Let x = 22 + w. Let v be 166/7 + 6/21. Calculate the highest common factor of x and v.
8
Let z be -25 + 33 + 0/3. Calculate the highest common divisor of 184 and z.
8
Suppose 0 = 6*h - 2*h - 72. Let l be (-2)/(-4) - (-27)/6. Suppose -h = -4*y + 3*b - l*b, -3*y + 9 = 3*b. What is the highest common divisor of y and 15?
3
Suppose -2*z + 6 = 2*g, 5*z = 5*g + 8 - 3. Suppose -118 - z = -4*n. Calculate the greatest common divisor of 45 and n.
15
Let u be 4/14 + 64758/903. What is the highest common factor of 297 and u?
9
Let f(z) be the second derivative of 1/12*z**4 + 4*z - 17/6*z**3 + 0 + 13/2*z**2. Let a be f(17). Calculate the highest common divisor of 13 and a.
13
Let u(s) = 0 + 2 + 4*s - 7*s. Let y be u(-1). Suppose -x + 1 = -y. Calculate the highest common divisor of 2 and x.
2
Suppose -51*g = -54*g + 33. Calculate the greatest common factor of g and 407.
11
Suppose 0 = 5*j - 1346 + 471. Suppose 5*q = 2*o - j, q = -3*q + 4. Suppose c - 56 = 5*d, 57 + 59 = 3*c - 2*d. What is the highest common divisor of c and o?
18
Let b(i) = i**3 - 2*i**2 + 3*i + 1. Let w be b(3). Let r = 20 - w. What is the greatest common factor of 8 and r?
1
Let f = 1 - 1. Suppose -5*t - 1340 = -5*n, n + 2*t = -f*n + 283. Calculate the greatest common divisor of n and 39.
39
Let f be 1564/9 + (-16)/(-72). What is the greatest common divisor of f and 6?
6
Suppose 6*h = -295 + 31. Let u = 64 + h. What is the greatest common factor of 140 and u?
20
Suppose 10*s + 2675 = 455. Let x = -97 - s. What is the greatest common factor of x and 25?
25
Suppose 2*j - 3 = x + 3, j + 3*x + 4 = 0. What is the greatest common factor of 50 and j?
2
Suppose 3*b = 4*r - 0*b + 36, 9 = -r - 3*b. Let t = 31 + r. Suppose 75 = 5*y - 5*u, 4*u + 0 - 39 = -5*y. Calculate the highest common divisor of t and y.
11
Suppose 0 = -2*n - 2*n + 20. Let z be 4170/12*6/n. Suppose -129 = 2*c - z. Calculate the greatest common divisor of 24 and c.
24
Let n(f) = -f**2 + 3*f + 551. Let c be n(0). What is the greatest common factor of 29 and c?
29
Suppose 419 = 9*b - 1246. Calculate the greatest common divisor of b and 15.
5
Let t(v) = 30*v + 24 - 31 - 22*v. Let w = 36 - 20. Let o be t(w). Calculate the highest common factor of 11 and o.
11
Let y = -224 + 269. Calculate the greatest common factor of 5 and y.
5
Let u be ((-66)/8)/3*-44. What is the greatest common divisor of 11 and u?
11
Let c(q) = 3*q**2 - 6*q + 7. Let p be c(2). Let z be 36 - -1 - (-1 - -3). Calculate the greatest common factor of z and p.
7
Suppose 3*p + 47 = -79. Let s be (-126)/p*1/(6/8). What is the greatest common divisor of s and 4?
4
Suppose 19*d = 22*d - 891. What is the highest common factor of 27 and d?
27
Let t be -6 - ((-3)/5 + (-3773)/245). Calculate the highest common factor of t and 305.
5
Let g be (-33)/(-15) + (-32)/(-40). Suppose -g*n = -6 - 237. Calculate the greatest common factor of n and 9.
9
Suppose 3*w + 12342 = 15*m - 10*m, 9852 = 4*m + 3*w. Calculate the greatest common factor of 18 and m.
18
Let t be (36/(-32))/(4/(-32)). What is the greatest common divisor of t and 63?
9
Suppose -4*r = 3*w - 485, 5*r + 0*w - 635 = 2*w. Calculate the greatest common factor of 25 and r.
25
Suppose -5*i = -5*o - 5, 0*i = -3*o + 5*i - 9. Suppose 2*j + o*j + 2*p - 80 = 0, 4*j = -5*p + 74. Calculate the highest common divisor of 3 and j.
3
Let f(v) = v**2 + 7*v + 3. Let g be f(-16). Calculate the highest common factor of 98 and g.
49
Suppose 5*v - 6*v - 7 = 0. Suppose -6*z = -9*z. Let h = z - v. What is the highest common factor of 77 and h?
7
Let c be (30/9)/(3/9). Suppose -3*y - w + 0 = -14, 3*w + c = 4*y. Suppose 3*i = 4*f - 21, -f - 20 = -5*f + y*i. What is the highest common factor of f and 2?
2
Suppose -78 - 120 = -3*c - 6*c. Suppose 0 = 3*p + 27 - 93. Calculate the highest common divisor of p and c.
22
Suppose 4*s = 3*a + 57, 5*s - 17 = -2*a + 37. What is the greatest common divisor of 2424 and s?
12
Suppose 53*z - 26400 = -7*z. Calculate the greatest common divisor of 120 and z.
40
Let f = 38 + 31. Let n(j) = -6*j + 64. Let x be n(4). Let a be (-69)/(-4)*x/15. What is the highest common factor of f and a?
23
Suppose 2*f + 2*h = 46, 6*h - 25 = h. Calculate the highest common divisor of 2 and f.
2
Let z = 16 + -11. Let p be (4/z)/(13/(-65)). Let y be p/6*21/(-2). Calculate the greatest common divisor of y and 63.
7
Suppose 36*b - 34*b - 84 = 0. What is the greatest co